k(0).
6
Let c(o) = o**3 + 2*o + 1. Determine c(-2).
-11
Let y(a) = 15*a + 37. What is y(-5)?
-38
Let k(m) = -3*m**3 - 14*m**2 + 6*m - 1. Determine k(-5).
-6
Let n(u) = u - 19. Determine n(11).
-8
Let i(q) = -q**3 + 9*q**2 - 10*q - 3. What is i(7)?
25
Let d(p) = p**3 - 4*p**2 - 5. What is d(5)?
20
Let k(m) = -m**3 + 5*m**2 - 2*m - 7. Determine k(5).
-17
Let f(j) = -2*j**2 - 38*j - 2. Calculate f(-19).
-2
Let n(x) = -2*x**2 - 21*x - 41. Give n(-8).
-1
Let m(q) = -81*q - 1. What is m(0)?
-1
Let d(f) = 22*f + 245. Give d(-11).
3
Let c(h) = -4*h - 2. Determine c(2).
-10
Let c(o) = o**2 - 4*o - 5. Give c(-4).
27
Let u(k) = k**3 - 14*k**2 - 16*k + 8. Give u(15).
-7
Let u(w) = -w + 8. Calculate u(6).
2
Let n(d) = d - 12. Calculate n(-9).
-21
Let c(t) = t + 1. Calculate c(-6).
-5
Let n(y) = -4*y**2 - 36*y + 2. Determine n(-9).
2
Let s(b) = b**3 - 4*b**2 - 2*b - 3. What is s(5)?
12
Let v(j) = -29*j + 2. Determine v(-1).
31
Let p(u) = -2*u - 13. Calculate p(-8).
3
Let w(j) = -j**3 - 14*j**2 - 17*j - 1. What is w(-13)?
51
Let r(n) = n + 4. Determine r(0).
4
Let l(i) = -2*i - 25. What is l(0)?
-25
Let o(l) = -13*l + 127. Calculate o(12).
-29
Let f(x) = x**3 + 8*x**2 + x + 23. What is f(-8)?
15
Let h(w) = w**2 + 81*w - 1117. What is h(12)?
-1
Let t(a) = a - 5. Determine t(-6).
-11
Let x(f) = -8*f - 21. What is x(0)?
-21
Let k(w) = -2*w**3 + 60*w**2 + 2*w - 35. Determine k(30).
25
Let c(l) = -l**3 - 5*l**2 - 3*l - 1. Determine c(-3).
-10
Let t(a) = -131*a + 7. Calculate t(1).
-124
Let h(y) = 5*y**3 + 2*y**2 - 2*y - 2. Give h(-2).
-30
Let m(a) = -18*a + 34. Calculate m(9).
-128
Let m(z) = z**3 + 14*z**2 + 44*z + 15. Determine m(-10).
-25
Let a(d) = -17*d - 1. Determine a(1).
-18
Let c(x) = x**3 + 11*x**2 - x - 12. Determine c(-11).
-1
Let r(m) = 3*m**2 + m + 3. What is r(2)?
17
Let d(x) = 2*x**2 + 2*x + 12. Give d(-5).
52
Let d(o) = -o**3 + 7*o**2 - 1. Calculate d(7).
-1
Let g(o) = -8*o - 222. Give g(-26).
-14
Let j(d) = d**3 + 3*d**2 - 3*d + 2. Calculate j(-4).
-2
Let r(j) = -43*j + 724. What is r(17)?
-7
Let a(o) = o**3 - 4*o**2 - o - 5. Give a(5).
15
Let s(y) = -y**3 - 13*y**2 - 12*y + 5. Give s(-12).
5
Let b(a) = a**3 + 4*a**2 + 2*a - 1. Calculate b(-3).
2
Let m(j) = -2*j**2 + 29*j + 3. Give m(13).
42
Let u(w) = 2*w**2 - 4*w - 2. Determine u(2).
-2
Let h(t) = 15*t - 11. Calculate h(-1).
-26
Let d(a) = 16*a - 250. What is d(17)?
22
Let t(n) = -n - 1. Give t(3).
-4
Let x(f) = 3*f + 10. What is x(0)?
10
Let t(a) = -a**2 + 8*a + 2. What is t(7)?
9
Let z(s) = -s**2 - 8*s - 18. Give z(-5).
-3
Let s(p) = p**3 - p**2 - 9*p - 11. Determine s(4).
1
Let v(z) = -11*z - 7. Determine v(-2).
15
Let g(o) = o + 35. What is g(-5)?
30
Let t(o) = -o**2 - 6*o - 11. Determine t(-2).
-3
Let v(h) = -h**3 - 12*h**2 + 62*h - 36. Determine v(-16).
-4
Let a(t) = t**3 + 11*t**2 - 11*t + 1. Determine a(-12).
-11
Let g(f) = -f**2 + 14*f + 12. Calculate g(15).
-3
Let q(i) = -4*i - 12. Give q(-6).
12
Let n(f) = -f**3 - 4*f**2 + 7*f + 3. Calculate n(0).
3
Let h(m) = m**3 - 17*m**2 - 12*m + 11. Determine h(18).
119
Let w(x) = -x**3 + 5*x**2 - 5*x - 1. Determine w(4).
-5
Let p(f) = 2*f**3 + 4*f**2 - 4*f - 21. What is p(-3)?
-27
Let h(p) = -p**2 - 5*p + 8. Give h(-6).
2
Let w(s) = 58*s - 121. Calculate w(2).
-5
Let k(f) = -f**3 - 31*f**2 - f - 34. Determine k(-31).
-3
Let f(b) = -b**2 + b - 33. Give f(0).
-33
Let o(d) = -3*d**3 - 4*d**2 - 2*d + 2. Determine o(-2).
14
Let n(b) = b**3 - 7*b**2 + 2*b + 20. What is n(6)?
-4
Let c(d) = 2*d**2 + 6*d + 3. What is c(-3)?
3
Let c(s) = -12*s - 485. Give c(-40).
-5
Let a(n) = -23*n - 27. Give a(-4).
65
Let s(g) = g**2 + 14*g + 3. Determine s(-14).
3
Let c(z) = -2*z**2 - 15*z + 82. What is c(-11)?
5
Let m(z) = -7*z + 2. Give m(-4).
30
Let l(h) = -2*h - 12. Calculate l(5).
-22
Let d(c) = -c - 30. Give d(21).
-51
Let l(t) = -35*t**3 + t**2 + t. Calculate l(-1).
35
Let b(p) = -p**3 + 8*p**2 - 13*p + 3. What is b(6)?
-3
Let k(w) = -3*w**2 + 6. Give k(0).
6
Let x(u) = 6*u**2 - 47*u + 19. Calculate x(7).
-16
Let r(d) = -2*d**2 - 2*d + 1. Calculate r(0).
1
Let g(a) = -2*a + 22. What is g(13)?
-4
Let q(x) = -x**2 + 7*x - 12. Determine q(5).
-2
Let o(b) = -22*b - 2. Give o(-3).
64
Let i(h) = h**2 + 7*h + 1. Determine i(-2).
-9
Let g(x) = x**3 - 5*x**2 + 5*x - 2. What is g(3)?
-5
Let a(b) = 5*b - 95. What is a(14)?
-25
Let r(m) = -2*m**2 - 10*m + 12. What is r(-8)?
-36
Let l(t) = -49*t - 141. Calculate l(-3).
6
Let z(l) = 19*l - 9. Give z(2).
29
Let h(o) = -10*o - 97. Calculate h(-11).
13
Let h(k) = k - 1. Calculate h(-12).
-13
Let o(s) = -s + 3. Give o(-1).
4
Let w(p) = -16*p + 4. Give w(1).
-12
Let d(y) = 7*y**2 + 5*y + 7. What is d(-3)?
55
Let d(j) = 2*j - 24. Determine d(18).
12
Let n(q) = -q**3 + 12*q**2 - 8*q - 5. Determine n(5).
130
Let y(w) = -w**3 + 4*w**2 + 13. Give y(5).
-12
Let x(r) = 2*r**2 + 25*r + 10. Determine x(-12).
-2
Let s(b) = -9*b - 78. What is s(-9)?
3
Let h(n) = 5*n - 1. Determine h(1).
4
Let b(p) = p**3 + 7*p**2 + 2*p + 1. Determine b(-6).
25
Let c(n) = 11*n + 24. Give c(3).
57
Let o(t) = -t**3 - t**2 - t - 2. Determine o(0).
-2
Let i(j) = -2*j + 2. Calculate i(2).
-2
Let m(j) = -3*j - 42. Calculate m(-9).
-15
Let k(j) = 2*j - 31. Calculate k(-6).
-43
Let l(b) = -2*b + 1. Calculate l(2).
-3
Let u(s) = -s**3 - 8*s**2 - 3*s. Determine u(-7).
-28
Let t(k) = 2*k**2 - 7*k + 21. What is t(5)?
36
Let a(g) = 6*g**2 - g + 4. What is a(2)?
26
Let r(j) = 9*j + 7. Give r(1).
16
Let i(b) = -10*b + 19. Determine i(3).
-11
Let k(s) = -s**2 + 13*s - 18. What is k(11)?
4
Let n(z) = 2*z**2 - 13*z - 28. Determine n(-2).
6
Let a(k) = k**3 - 6*k**2 - k + 6. Calculate a(6).
0
Let b(u) = 16*u. What is b(7)?
112
Let w(d) = 4*d - 72. Determine w(16).
-8
Let t(z) = z**3 + 9*z**2 - 8*z + 9. Give t(-10).
-11
Let p(v) = -v + 2. Calculate p(-6).
8
Let n(f) = f**3 + 3*f**2 - 4*f + 5. Give n(-4).
5
Let i(p) = -p**2 - 19*p - 6. What is i(-18)?
12
Let y(h) = -h**2 - 23*h - 107. Calculate y(-17).
-5
Let f(c) = -2*c**3 + 21*c**2 - 30*c + 16. Calculate f(9).
-11
Let y(l) = 2*l**2 - 7*l + 3. Give y(5).
18
Let j(m) = -2*m**2 - 54*m + 118. What is j(-29)?
2
Let d(f) = -f**3 + 7*f**2 - 4*f - 11. Determine d(6).
1
Let z(c) = 73*c**2 - 3*c - 2. What is z(-1)?
74
Let j(z) = -22*z + 195. What is j(9)?
-3
Let t(z) = z**2 + 16*z + 65. What is t(-7)?
2
Let n(v) = -v**3 + 9*v**2 - 11*v + 22. Calculate n(8).
-2
Let o(z) = -12*z + 49. Determine o(5).
-11
Let g(l) = -3*l**3 - 4*l + 4. What is g(2)?
-28
Let z(d) = -13*d**3 - d**2 - 2*d + 1. Give z(1).
-15
Let u(t) = -31*t + 118. Give u(4).
-6
Let n(i) = 5*i**2 + 13*i - 5. Determine n(-4).
23
Let w(m) = -m**2 + 2*m + 19. Calculate w(-4).
-5
Let i(k) = -k**2 - 6*k + 4. What is i(-5)?
9
Let j(q) = 21*q + 62. Give j(-3).
-1
Let t(h) = h - 6. Give t(10).
4
Let t(p) = -p**3 - p**2 + 4*p. Determine t(2).
-4
Let g(u) = u**3 + 13*u**2 + 19*u - 11. What is g(-11)?
22
Let b(t) = -t**3 + 5*t**2 + 5*t. Give b(6).
-6
Let z(f) = 7*f**2 + f - 1. Determine z(1).
7
Let j(w) = w**3 + 6*w**2 - 8*w - 3. What is j(-7)?
4
Let m(t) = 3*t - 43. Calculate m(13).
-4
Let x(c) = -c**3 + 20*c**2 + 15. Calculate x(20).
15
Let u(z) = z**3 + 7*z**2 + 5*z - 2. Calculate u(-6).
4
Let p(i) = -i**3 - 17*i**2 - 28*i + 33. Determine p(-15).
3
Let y(i) = i**2 - 2*i - 9. Give y(5).
6
Let v(w) = 5*w**2 + 15*w + 20. Calculate v(-5).
70
Let s(r) = -r**3 + r**2 + 10*r - 9. Give s(3).
3
Let i(u) = -u**3 + u**2 - 4*u - 8. Give i(-2).
12
Let q(p) = -15*p. Calculate q(-1).
15
Let u(p) = 5*p - 4. Determine u(-3).
-19
Let u(r) = -4*r - 6. Give u(-3).
6
Let i(z) = z - 9. Give i(-6).
-15
Let x(s) = 2*s**2 + 4*s + 1. Calculate x(-4).
17
Let d(k) = 2*k + 21. What is d(-9)?
3
Let f(a) = -a**3 + 6*a**2 + 4*a + 11. Calculate f(6).
35
Let k(d) = d**3 - 10*d**2 + 8*d + 9. Give k(9).
0
Let u(w) = -w**3 + 16*w**2 - 28*w + 1. What is u(14)?
1
Let p(h) = -5*h**2 + h + 3. Give p(2).
-15
Let d(v) = -v**3 + 16*v**2 - 59*v - 6. Calculate d(10).
4
Let l(o) = -o**2 - 15*o + 29. Calculate l(-17).
-5
Let a(p) = 16*p - 29. Calculate a(3).
19
Let y(w) = 2*w**2 + 84*w + 75. Give y(-41).
-7
Let p(j) = -3*j + 6. Give p(-6).
24
Let t(n) = -n - 19. Calculate t(-21).
2
Let l(x) = 67*x**2 + 3*x + 2. Calculate l(-1).
66
Let w(v) = v**3 - 10*v**2 - 9*v - 11. Determine w(11).
11
Let y(d) = -d - 17. What is y(-13)?
-4
